2255.
5
Calculate the greatest common divisor of 4 and 19079828.
4
What is the highest common divisor of 4032 and 2680328?
56
What is the highest common factor of 11253008 and 40?
8
Calculate the greatest common factor of 1301248 and 34918.
442
Calculate the greatest common factor of 5045890 and 199515.
1415
Calculate the highest common divisor of 6260006 and 266.
38
What is the greatest common divisor of 180 and 368268?
12
What is the greatest common factor of 64066 and 51004?
622
What is the greatest common divisor of 35 and 4586344?
7
Calculate the greatest common divisor of 29276 and 17225548.
2252
What is the greatest common divisor of 2 and 2644491?
1
What is the greatest common divisor of 1089 and 43482681?
1089
What is the greatest common divisor of 9180 and 70416?
108
Calculate the greatest common divisor of 22 and 1439257523.
11
What is the greatest common divisor of 2042 and 2006446738?
2042
Calculate the greatest common factor of 1929031 and 221.
13
What is the highest common factor of 10123 and 6519?
53
Calculate the greatest common divisor of 2048 and 92943104.
256
Calculate the highest common divisor of 180 and 425754.
18
What is the greatest common divisor of 1561949 and 193?
193
What is the highest common factor of 1596860243 and 2761?
2761
Calculate the greatest common divisor of 630931867 and 6343.
6343
Calculate the highest common factor of 14385 and 60095.
35
Calculate the highest common factor of 212441 and 1788799.
109
What is the greatest common factor of 7464645 and 288?
9
What is the greatest common factor of 6166894 and 292?
146
What is the greatest common divisor of 205636002 and 33306?
4758
Calculate the highest common divisor of 1274 and 2178020.
26
What is the highest common factor of 174566 and 5402?
74
What is the greatest common factor of 57726590 and 10?
10
Calculate the highest common divisor of 439141464 and 1908.
1908
Calculate the greatest common divisor of 65 and 114166.
13
Calculate the greatest common divisor of 134 and 1598687.
67
What is the greatest common factor of 10668260 and 1420?
20
What is the highest common factor of 36 and 2811726396?
36
Calculate the highest common divisor of 13280 and 79968.
32
What is the highest common factor of 510541 and 32542?
307
What is the greatest common factor of 10300 and 198700?
100
Calculate the greatest common divisor of 25 and 685775.
25
What is the greatest common factor of 16487776 and 652?
652
What is the greatest common divisor of 14584286 and 950?
38
What is the highest common divisor of 10523 and 3286271?
619
Calculate the greatest common factor of 5 and 3661620.
5
What is the highest common divisor of 158614043 and 622?
311
Calculate the highest common divisor of 112680 and 45834468.
3756
Calculate the highest common divisor of 3708 and 53519418.
1854
Calculate the highest common divisor of 4344 and 9601176.
24
What is the highest common divisor of 24198400 and 20?
20
What is the highest common factor of 40266952 and 132?
44
Calculate the greatest common factor of 261 and 1683306.
9
What is the highest common divisor of 11656460 and 6540?
2180
Calculate the greatest common divisor of 40 and 20006420.
20
Calculate the highest common factor of 639 and 10905417.
9
Calculate the highest common divisor of 54 and 11085849.
27
Calculate the highest common factor of 365841 and 2583.
63
Calculate the greatest common factor of 4532 and 1302642.
22
What is the highest common divisor of 142992 and 812274?
1986
What is the highest common divisor of 4845 and 1568165?
1615
Calculate the greatest common divisor of 13922912 and 6256.
368
What is the greatest common factor of 3886 and 370778?
134
Calculate the greatest common divisor of 2 and 10165061.
1
Calculate the highest common factor of 515 and 6220582.
103
What is the highest common factor of 152935 and 57305?
365
Calculate the highest common divisor of 602 and 391566.
14
What is the highest common divisor of 1370310 and 570?
30
What is the greatest common factor of 3276 and 650650?
182
What is the highest common factor of 14096756 and 604?
604
Calculate the greatest common factor of 11234202 and 9.
3
Calculate the greatest common factor of 36 and 78765390.
18
What is the highest common factor of 222 and 12627878?
74
What is the greatest common divisor of 249890648 and 39832?
3064
What is the highest common factor of 73853730 and 90?
90
What is the greatest common factor of 2602 and 13666?
2
What is the greatest common divisor of 3976542 and 54?
18
What is the highest common divisor of 9483 and 8736627?
87
Calculate the highest common factor of 80936 and 4809652.
604
What is the highest common divisor of 93133 and 38?
1
Calculate the highest common divisor of 42119833 and 1763.
1763
What is the highest common divisor of 819777 and 2373?
21
Calculate the highest common factor of 2270 and 19930.
10
Calculate the greatest common factor of 261 and 6415351.
29
Calculate the greatest common factor of 1103225 and 1555.
5
Calculate the highest common factor of 7044 and 19115068.
2348
What is the highest common factor of 9023 and 21728673?
1289
Calculate the highest common factor of 2497989 and 78.
39
Calculate the greatest common factor of 301 and 1639372.
7
Calculate the highest common divisor of 51560905 and 5115.
1705
What is the greatest common divisor of 29470548 and 5232?
1308
Calculate the greatest common divisor of 170 and 59328470.
170
What is the highest common divisor of 352810 and 70?
10
What is the highest common divisor of 11879478 and 6318?
234
What is the highest common divisor of 226908048 and 12?
12
What is the greatest common divisor of 31174 and 205348?
286
Calculate the highest common factor of 5947 and 14953.
19
Calculate the greatest common factor of 36959972 and 476.
476
What is the greatest common factor of 973 and 897485470?
973
Calculate the greatest common divisor of 235452106 and 14548.
7274
What is the highest common factor of 358681345 and 55?
55
Calculate the highest common divisor of 6456762 and 11562.
246
What is the greatest common factor of 38 and 6521788?
38
What is the highest common factor of 217 and 789369?
7
Calculate the highest common factor of 163001 and 2277.
23
What is the highest common factor of 6600250 and 500?
250
What is the highest common factor of 147286565 and 45?
5
What is the highest common factor of 553 and 20648467?
553
What is the highest common factor of 383240 and 13208?
104
What is the highest common divisor of 4395 and 2231195?
1465
What is the greatest common factor of 16809 and 98709?
39
Calculate the greatest common factor of 429 and 102017383.
13
What is the greatest common factor of 77203 and 204057?
287
What is the highest common divisor of 772618 and 6247934?
4466
Calculate the greatest common divisor of 204 and 6009672.
12
Calculate the greatest common divisor of 31 and 30553352.
31
Calculate the highest common divisor of 741 and 41435979.
741
Calculate the highest common divisor of 3336 and 478.
2
What is the highest common divisor of 630 and 6002465?
35
What is the highest common factor of 68 and 301204028?
68
What is the greatest common factor of 25680 and 924135?
15
What is the highest common divisor of 102648 and 369984?
1128
Calculate the greatest common factor of 56903362 and 5246.
5246
Calculate the greatest common divisor of 361 and 566639318.
361
What is the greatest common divisor of 480671 and 111247?
2099
What is the highest common divisor of 1896 and 8791752?
1896
What is the greatest common divisor of 342616 and 3737588?
452
Calculate the greatest common divisor of 118658 and 1538048.
1502
Calculate the highest common factor of 4518 and 369815619.
753
Calculate the greatest common factor of 711284 and 4074.
14
What is the greatest common divisor of 237783 and 1549107?
1407
Calculate the highest common divisor of 245 and 738138205.
245
Calculate the highest common divisor of 7115992 and 30316.
2756
What is the highest common factor of 187168 and 4960?
32
Calculate the highest common divisor of 89167 and 7091123.
4693
Calculate the highest common divisor of 658195528 and 136.
136
What is the highest common divisor of 775957 and 8281?
91
What is the greatest common divisor of 156 and 60231860?
52
Calculate the highest common divisor 